digit of u?
5
Let q(h) be the third derivative of h**5/60 - 3*h**4/4 - 49*h**3 - 86*h**2 + 2. What is the tens digit of q(46)?
9
Suppose 2*g - 165 = -i, 3*i - 5 = -2*i. Let q = g - 89. Let h(y) = -3*y + 12. What is the units digit of h(q)?
3
Suppose -53*m + 429644 = -1274465. What is the tens digit of m?
5
Let j = 384 - 111. Let h = -74 + j. What is the units digit of h?
9
Let u = 118714 + -80219. What is the hundreds digit of u?
4
Let y(o) = 2*o**2 + 8*o - 10. Let p be y(-5). Suppose 2*r + 4*f = -520, p = -3*r + r + 5*f - 565. Let u = -83 - r. What is the tens digit of u?
8
Suppose 0 = 15*g + 1717 + 428. Let y = -138 - g. Suppose m - 149 = -2*j - 31, y*j = m - 90. What is the tens digit of m?
1
Let y be ((-4)/2)/(1/2 + -1). Suppose y*u - 25 = 3*v + 6*u, 2*v + 35 = -5*u. Let i = v - -106. What is the units digit of i?
1
What is the hundreds digit of -14*((-1883 - 0) + 1/(8/64))?
2
Suppose -5*b + 4407 = 2*c, -8*b + 10*b - 3*c - 1778 = 0. Let q = b + -603. What is the hundreds digit of q?
2
Suppose -14*j + 8 = 106. Let b = j + 7. Suppose b = -0*q - 5*q + 245. What is the tens digit of q?
4
Suppose x - 2422 = -2*u, -6*u - 4924 = -35*x + 33*x. What is the hundreds digit of x?
4
What is the hundreds digit of 33/(-33) - ((-26016)/5 + (-2)/(-10))?
2
Let m(w) = w**2 - w - 6. Let d be m(-2). Suppose -3*p + 145 = -5*i, -3*i - 135 = -3*p - d*i. Let l = 70 - p. What is the units digit of l?
0
Let s = 219 - 182. Suppose 7*i - 215 = s. What is the units digit of i?
6
Let f(g) = g**3 - 42*g**2 - 65*g + 44. What is the hundreds digit of f(45)?
1
What is the tens digit of (8 - (-8 - (-60786)/12))*-2?
9
Suppose 4*y - 1 = v + 1, 0 = 4*v - 8. Let u be y + 3 - (-3 + 2). Suppose u*s = -5, -3*f - f - 3*s + 133 = 0. What is the units digit of f?
4
Suppose -5*p + 5*a + 103770 = 0, -68*p + 5*a = -65*p - 62266. What is the ten thousands digit of p?
2
Suppose 4*f + 4*x - 2148 = 0, 5*f - 2671 = x + x. Let b be 3/6 + 3*f/6. Suppose -4*w + 3*u = -b, 3*w + 0*w + 4*u = 176. What is the units digit of w?
4
Suppose -13 = 3*b + 5*m, -15*b + 6 = -13*b - 4*m. Let q(w) = -14*w**3 - 3*w - 2. What is the units digit of q(b)?
5
Let c = -5 + 0. Let v(l) = -5*l - 1. Let m(k) = 15*k + 28. Let n(b) = m(b) + 4*v(b). What is the tens digit of n(c)?
4
Let y be 3 + (5 - 0) - -437. Suppose -w = 5*s - y - 964, -s + 277 = 5*w. What is the hundreds digit of s?
2
Suppose -4*d = -2*h + 9330, -175*h - 13987 = -178*h + 2*d. What is the hundreds digit of h?
6
Let m = -264 - -834. What is the hundreds digit of m?
5
What is the units digit of (23 - -8875)*1/12*6?
9
Suppose -4*y = -5*x - 5*y - 2006305, -3*x = 3*y + 1203783. What is the hundreds digit of 1/6 + (x/42)/(-19)?
5
Let j(v) = v**2 - 13*v + 4. Let s be j(12). Let u be ((-2)/5)/(-1 + s/(-10)). Suppose -3*c = -u*d - 553, 3*d = 2*c - 216 - 156. What is the tens digit of c?
8
Let x(q) = -1032*q + 5. Let s be x(-1). Suppose 2*f + s = 3*h - 736, -5*h = -3*f - 2954. Suppose 826 = 5*i - h. What is the units digit of i?
3
What is the units digit of (-2916070)/(-100) - (-15)/50?
1
Let g = -151 - -169. Suppose -13*n = -3*a - g*n + 2300, -2*a + 3*n = -1546. What is the units digit of a?
0
Let a(b) = 9*b**2 - b - 10. Let x(g) = 14*g - 64. Let p be x(5). What is the tens digit of a(p)?
0
Let r(l) = -12*l - 5. Let u be r(5). Suppose 0 = -o + 3*q + 16, -5*o - 7 = -2*q - 22. What is the units digit of (o + u)*(-27)/18?
6
Suppose 4*y + 52689 = 3*c, 3*c = y - 6319 + 59008. What is the hundreds digit of c?
5
Let h(s) = -18 - 9*s + 3*s**3 - 7*s**2 - s**3 - 3*s**3 + 2*s**2. Let b be h(-4). Suppose w + 4*a - 244 = 0, 0*w + 4*a = b*w - 524. What is the units digit of w?
6
Suppose 0 = 21*q - 10119 - 80958. What is the units digit of q?
7
Suppose -c - 9 - 2 = -4*z, 0 = -2*z - 2*c + 18. What is the units digit of (z - (6 - 4)) + 333?
5
Let y(b) = 2*b**2 + 2*b - 4. Let d(t) = -t**2 + t. Let z(f) = -3*d(f) - y(f). Let c be z(3). What is the units digit of c/8 + (-578)/(-8)?
2
Let j(x) = x**3 - x**2 - 2*x + 6. Let u be j(0). Suppose -3*t = -0*t - u. Suppose 5*b = -n + 401, -2*b + 4*n = t*n - 170. What is the tens digit of b?
8
Let d(r) = 721*r - 5181. What is the thousands digit of d(36)?
0
Suppose -2*p + 6*p - 339 = -5*t, 2*p - 207 = 5*t. Suppose -p*b = -89*b - 3348. What is the units digit of b?
4
Let h(g) = -g**3 - 104*g**2 - 303*g - 24. What is the ten thousands digit of h(-102)?
1
Let i(h) = -85*h**3 - 5*h**2 - h + 6. Let p be i(-2). Suppose -p = -j - j. What is the tens digit of j?
3
Let t = 23697 + -1920. What is the units digit of t?
7
Suppose 3*m + 3*m = 36. Suppose 0*x - 3*x + 15 = 0, x + m = s. Suppose -s*t = t - 1332. What is the hundreds digit of t?
1
Let o(k) be the third derivative of k**5/30 - 5*k**4/24 - 2*k**3/3 - 89*k**2. Let x(t) = -t**2 + 2*t - 3. Let q be x(2). What is the units digit of o(q)?
9
Suppose -4*f - 75 + 87 = 0, -o - 2*f = -14220. What is the hundreds digit of o?
2
Let m = 23 + -18. Suppose -3*f + 3*b = -2*f + 1, 2*f + b = m. Suppose -f*j - 3*j - 4*z = -312, -120 = -2*j - 4*z. What is the units digit of j?
4
Suppose -11 - 43 = -2*d. Suppose 3*p - 750 = -5*a, 3*p - a - 723 - d = 0. What is the hundreds digit of p?
2
Suppose 4*n - 33772 = -2*t, -4*n - 5*t + 18560 + 15212 = 0. Suppose n + 9665 = 36*f. What is the units digit of f?
3
Suppose 9*d - 13 = -31. What is the hundreds digit of (d/(-3))/(6/4797)?
5
Let i be (16/3)/(-2 + 14/6). Suppose i*k = 17*k - 526. What is the hundreds digit of k?
5
Let i = -18863 + 38362. What is the tens digit of i?
9
Let w(z) = 565*z**2 - 25*z - 203. What is the units digit of w(-6)?
7
Suppose 5832 = 5*d + 3*o, -d + o + 1172 = -4*o. Suppose -375 = -f - 4*v, 3*f - 20*v = -18*v + d. What is the units digit of f?
7
Suppose -164*b = 73*b - 8856216. What is the tens digit of b?
6
Let m be 6 + (-4)/((-12)/(-3)). Let y be (4 - -1) + (-19 - -17). What is the tens digit of (-771)/(-5) + (14/m - y)?
5
Let i = -5394 - -7850. Suppose 0 = -11*r - i + 10299. What is the hundreds digit of r?
7
Let h = -15680 + 31937. What is the thousands digit of h?
6
Let l(z) = 3*z**2 + 14*z + 27. Let q be l(-7). Suppose 436 = -4*a - q. Let u = -34 - a. What is the tens digit of u?
9
Let n = -126 - -43. Let m = n - -44. Let d = 25 - m. What is the units digit of d?
4
Suppose -214706 = -140*a + 43*a + 788371. What is the ten thousands digit of a?
1
Let z(t) = -t**3 + 10*t**2 + 8*t + 19. Let f(m) = m**3 + 6*m**2 + 4*m - 5. Let n be f(-4). Let y be z(n). What is the units digit of y/(-42) + (1336/6 - -1)?
4
Let z be (-34)/3*-93 + 5. Suppose 9*u + z = 3912. What is the hundreds digit of u?
3
Suppose 0 = -5*t - c + 19595, -3733 = -5*t + 2*c + 15877. What is the tens digit of t?
2
Suppose 0 = -4*y + 5*h + 19381, 11*y + 8*h - 4799 = 10*y. What is the tens digit of y?
3
Suppose -4*n - 22230 = -3*k, -5*n - 18545 = -5*k + 18495. What is the units digit of k?
2
Suppose -3*a + 4*h + 2 = 0, a - 3*h = -2*h + 1. Suppose 12 = 4*v, a*v + 2*v = -2*s + 72. What is the units digit of ((-5)/(s/808))/(4/(-6))?
2
Let p = 166 + -249. Let h = p + 86. Suppose 518 = 11*g + h*g. What is the units digit of g?
7
Let z = 10961 + -6225. What is the tens digit of z?
3
Let z = -10123 + 15772. What is the hundreds digit of z?
6
Let g be (4/5)/((-2)/(-5)). Suppose 0 = 3*z - 8*z - 5*w + 25, -g*z + 2*w + 6 = 0. Suppose 5*b + 2*y - 16 + z = 0, -3*b = 3*y. What is the units digit of b?
4
Suppose 204908 = 63*p - 197725. What is the units digit of p?
1
Let j be 0 + (58/3)/(4/(-6)). Suppose -2*r - 5*a - 36 - 52 = 0, 4*r + 176 = 2*a. Let v = j - r. What is the units digit of v?
5
Let z(a) = -a**3 + 4*a**2 + 2*a**3 - 2*a - 4 + 0*a**3 + 0*a**3. Suppose u + 6 = 4. What is the units digit of z(u)?
8
Suppose 0 = 11*m + 97 + 2884. What is the tens digit of (m/2)/((-27)/54)?
7
Let t(f) = -174*f**3 + 9*f**2 - 10*f - 12. What is the tens digit of t(-7)?
8
Let u = -48 + 54. Let j(v) be the first derivative of 17*v**2/2 - 19*v - 10. What is the tens digit of j(u)?
8
Suppose 106*r - 100*r = 170454. Suppose 40*d = 32391 + r. What is the hundreds digit of d?
5
Let w = 193 - 741. Let q = w + 959. What is the units digit of q?
1
Let y(z) = -2*z**3 + 2*z**2 + 7*z + 1. Suppose 3*q - 39 = -27. Let c be y(q). Let k = c + 189. What is the tens digit of k?
2
Let w(u) = u**2 + u. Let b(o) = 11*o**2 + 23*